. What are the prime factors of (-5)/(q/(-12)) + -1?
11
Let n = 4 + 7. What are the prime factors of n?
11
Let t = 3 - -1. Let z = -2 - -4. Suppose 0*m = -t*m - x + 48, -m + 3 = -z*x. List the prime factors of m.
11
Suppose -5*k + 48 = -112. Let c = 21 - k. Let f(r) = r**2 + 11*r + 11. What are the prime factors of f(c)?
11
Let l(s) = -7*s**3 + 6 - 2*s + 8*s**3 + 5*s**2 + 0*s**2. List the prime factors of l(-5).
2
Let g(r) = 28*r - 1. What are the prime factors of g(1)?
3
Let n be (-6)/21 - (-177)/7. Suppose 3*s - 5 + n = q, 8 = -2*s. What are the prime factors of q?
2
Let n(h) = h**2 - 5*h - 11. List the prime factors of n(8).
13
Let h be 3*(-1)/(6/(-4)). Let t(k) = -4*k - 1. Let q be t(h). What are the prime factors of (-4)/6 + (-33)/q?
3
Let h(b) = b**2 + 11*b + 11. Let a be h(-10). What are the prime factors of (a - 3) + 16/2?
2, 3
Suppose -3*w - 11 = -4*t, -3*t + 24 = 4*w - w. Suppose w*f - 47 = -2. List the prime factors of f.
3, 5
Let o(g) = g**2 - 7*g + 2. Let l be o(5). Let k(h) = h**2 + 6*h + 2. What are the prime factors of k(l)?
2, 3
Let d = 231 - 126. Suppose -2*u = 5*u - d. List the prime factors of u.
3, 5
Suppose 3*g + 200 = 8*g. List the prime factors of (-406)/(-16) - 15/g.
5
Let l = 59 - 36. What are the prime factors of l?
23
Let a = -5 - -5. Suppose -t + 0 + 2 = a. Suppose t*r = -0*h + 2*h + 22, 4*r + h - 19 = 0. What are the prime factors of r?
2, 3
Suppose x + 28 + 4 = 2*j, -5*j = -x - 86. List the prime factors of j.
2, 3
Suppose 3*h = -2*z + 753, 0 = -5*h - 2*z - 3*z + 1260. List the prime factors of h.
3, 83
Let v(c) = -5*c - 9. List the prime factors of v(-8).
31
Let w(x) = 2*x + 3. Suppose 0 = -4*s - 5*i - 10, 5*i + 1 = -s + 3*i. Let y be w(s). List the prime factors of 2/y - 74/(-14).
5
Let t = -12 - -11. Let d(q) = 22*q**2 - q - 1. List the prime factors of d(t).
2, 11
Let c(a) = a**3 - 1. Let q be c(1). Let p be (2 - q)/(4 + -6). Let j(x) = -4*x**3 + x + 1. List the prime factors of j(p).
2
Suppose 9 - 1 = 4*h. Suppose h*n + 4 - 42 = 0. List the prime factors of n.
19
Suppose 5*n = 2*b - 137, 4*b = 5*n + 196 + 53. What are the prime factors of b?
2, 7
List the prime factors of -12*(21/(-9) - -1).
2
Suppose -3*o - 8 = -p, 16 = 4*p + p - 3*o. Suppose 12 = 5*d - d, 5*f - 5*d = 20. Suppose 0 = -r + p*r - f. What are the prime factors of r?
7
Suppose 9 = -2*n - 15. What are the prime factors of (n/15)/(2/(-95))?
2, 19
Let u(s) = -5*s - 2. Let w be u(-1). Suppose w*y = 96 - 18. List the prime factors of y.
2, 13
Suppose 0 = 3*r - 8*r + 25. Let m = r - 2. Suppose -17 - 19 = -3*f - m*n, 0 = 5*f - 4*n - 33. What are the prime factors of f?
3
Let m(j) = -7*j - 14. What are the prime factors of m(-9)?
7
Let q(b) = b**3 + 7*b**2 + b. Let p(r) = -2*r**3 - 8*r**2 - r + 1. Let w(k) = 2*p(k) + 3*q(k). What are the prime factors of w(3)?
23
Suppose -4*s + 112 = -2*a, 3*s + a - 5*a = 79. What are the prime factors of s?
29
Suppose -5*f + 166 = -119. What are the prime factors of f?
3, 19
Suppose -3*k + 7*k = 856. What are the prime factors of k?
2, 107
Let y be -1 + (5 - 2 - -3). Suppose 0*h + 11 = -5*h + 3*x, -5*x = -10. Let n = y + h. List the prime factors of n.
2
Suppose -5*o - 66 = -416. Suppose -6*g = -g + o. What are the prime factors of -2 - -4 - (g + 1)?
3, 5
What are the prime factors of 1*2 - (-10 + 5)?
7
Suppose -x + 7*s + 106 = 8*s, -2*x = -s - 209. What are the prime factors of x?
3, 5, 7
Let i(j) be the second derivative of j**4/4 + 2*j**3/3 - j**2/2 - 3*j. List the prime factors of i(-3).
2, 7
Let a be 100/45 + (-2)/9. List the prime factors of 4 + a + -2 - 1.
3
What are the prime factors of 1440/27 + 2/3?
2, 3
Let m(a) = a**3 + 6*a**2 + 6*a - 4. Let t be m(-6). Let q = t + 18. What are the prime factors of (q/10)/((-5)/25)?
11
Let f(x) = 10*x**3 + 2*x**2 - 1. Let g(w) = 19*w**3 + 4*w**2 - 2. Let p(q) = 9*f(q) - 4*g(q). What are the prime factors of p(1)?
3, 5
Suppose 2 = 2*l - 2*j, -2*l - 5*j = 3*l + 5. Suppose x = 4*r - l*r + 15, -x + r = -6. What are the prime factors of x?
3
Let c(g) = -g**3 + 5*g**2 + g - 5. Let p(j) = j**3 - 3*j**2 - 4*j + 3. Let r be p(4). Suppose -2*y + r = -5. What are the prime factors of c(y)?
3, 5
Let v(z) = z + 5. Let c be v(-5). Suppose 3*s - 6*s + 15 = c. List the prime factors of s.
5
Let z = 0 - 1. Let t = z - -14. List the prime factors of t.
13
Suppose -3*c = -0*c - 9. Let o(f) = f**3 + 10*f**2 + f + 13. Let t be o(-10). Suppose c + t = 3*m. What are the prime factors of m?
2
Suppose 15*n - 6*n = 243. List the prime factors of n.
3
Let y(v) = -v. Let x(d) = 12*d - 1. Let r(q) = -x(q) - 4*y(q). List the prime factors of r(-2).
17
Let v be 3/(-5) - 15/(-25). What are the prime factors of v/1 + 28 + -5?
23
Let g(k) = k**3 - k**2 - 4*k + 5. Let y be g(4). Let i = y - 22. List the prime factors of i.
3, 5
Suppose 74 = 2*f + 4*w, f + 2*w = -2*w + 41. List the prime factors of f.
3, 11
Let o(i) = -2*i - 5. Let g be o(-6). Let t(c) be the third derivative of c**4/24 - c**3/3 - 5*c**2. What are the prime factors of t(g)?
5
Suppose 3*k - 438 = -3*l, 3*l = -l. List the prime factors of k.
2, 73
Suppose -14 = -3*u + 55. What are the prime factors of u?
23
Let t be 6/(-21) - (-2)/7. Let a(i) = 0*i + 6 + 2 - i. List the prime factors of a(t).
2
Let l(i) = -i**2 - 8*i - 4. Let o be l(-6). Suppose 3*n - o = 4*u + 13, 0 = 2*n - 6. What are the prime factors of -3*(-2 + u/(-9))?
5
Let p(m) = -3*m**2 - 2*m. Let r be p(-2). Let d = -10 - 7. Let z = r - d. What are the prime factors of z?
3
Let r = -2 - -7. Let s = r + -1. Suppose a - 2 = s. What are the prime factors of a?
2, 3
Let c = -268 + 412. What are the prime factors of c?
2, 3
List the prime factors of 10/25 - 333/(-5).
67
Let y be (102/9)/(8/36). Suppose 0*m - y = -3*m. List the prime factors of m.
17
Suppose -28*j + 32*j - 116 = 0. List the prime factors of j.
29
Let f = 10 - 3. Let a = 2 + f. List the prime factors of a/15*(-15)/(-1).
3
List the prime factors of 1*(-20)/(-12)*3.
5
Let u = -4 + 4. Let z be -2 + (u + -24)/(-3). What are the prime factors of z + -2*3/6?
5
What are the prime factors of 174/4*(-24)/(-12)?
3, 29
Suppose 2348 = 7*v + 66. What are the prime factors of v?
2, 163
Let o = -390 - -588. List the prime factors of o.
2, 3, 11
Let j be (-1)/(1*3/(-6)). What are the prime factors of 0/j - (-26 + 2)?
2, 3
Suppose 0 = 7*k - 1368 - 361. What are the prime factors of k?
13, 19
Let i(y) = -9*y. Suppose g + 3 = 2*g - 2*a, -2*g - a = 9. Let f = 2 + g. List the prime factors of i(f).
3
Let u be -5*(68/(-10) + 2). Let h(n) = -n - 2. Let a be h(2). List the prime factors of a/6 + u/9.
2
Let k(z) = -3*z - 4*z + 3*z**2 + 2 - 4*z**2. List the prime factors of k(-6).
2
Let z = 54 - 28. What are the prime factors of z?
2, 13
Suppose 0 = f - 4*g - 20, 4*g + 4 = -4*f - g. List the prime factors of f.
2
Suppose 4*v - 4 = 2*v. Suppose t - v = 7. What are the prime factors of t?
3
Let q be 30/(-4)*(-4)/6. Let f = 7 - q. List the prime factors of (-11)/((f + -1)/(-1)).
11
Let z(r) = -r - 6. Let a be z(-16). List the prime factors of 12/a*1170/27.
2, 13
Let o(l) = 8*l**2 - 1. List the prime factors of o(2).
31
Suppose 0 = w + 5, 0*t - 4*t - 4*w = 8. Suppose -r - t*v + 0*v = -16, -2*v = -r + 16. List the prime factors of r.
2
Let j(q) = -9*q - 18. List the prime factors of j(-5).
3
Let v be (-4)/(-12) + (-16)/(-6). Let z(d) = d**2 + d. List the prime factors of z(v).
2, 3
Suppose 4*t - 42 = -m - 10, 0 = 4*t + 2*m - 36. Suppose -t*l + 126 = -l. List the prime factors of l.
3, 7
Let t = -19 + 13. Let f = -79 - -83. Let r = f - t. What are the prime factors of r?
2, 5
Let b = -17 - -10. Let s = b - -13. What are the prime factors of s?
2, 3
Let r = 0 - -3. Suppose 3*b - 4*z - 72 = 0, -2*b - r*b = -3*z - 131. List the prime factors of b.
2, 7
Let o be 3 + (-2 - (3 - 5)). Suppose 3*y - 45 = -y + 5*d, 3*y = -o*d + 54. What are the prime factors of y?
3, 5
Let z = 67 + -55. List the prime factors of z.
2, 3
Let j(o) = -o**3 - 8*o**2 - 3*o - 11. Let n = 11 + -19. What are the prime factors of j(n)?
13
Let p(m) = -21*m**3 - m**2 - 2*m - 1. Let y be p(-1). Suppose -t + 3*u + 0*u = -16, -5*u + y = 2*t. List the prime factors of t.
13
Let n(o) be the first derivative of -o**2 + 2*o - 1. List the prime factors of n(-7).
2
Suppose l = 2*n - 40, l + 2 = 